{"id":2049,"date":"2023-11-16T16:25:54","date_gmt":"2023-11-16T15:25:54","guid":{"rendered":"http:\/\/www.creacimes.fr\/?page_id=2049"},"modified":"2023-11-21T21:47:51","modified_gmt":"2023-11-21T20:47:51","slug":"creactus-2","status":"publish","type":"page","link":"https:\/\/www.creacimes.fr\/?page_id=2049","title":{"rendered":"Cr\u00e9actus"},"content":{"rendered":"\n<h2 class=\"wp-block-heading\">Samedi 2 d\u00e9cembre : lancement des nouveaux \u00e9v\u00e9nements Cr\u00e9acimes <\/h2>\n\n\n\n<p>Apr\u00e8s des parcours professionnels vari\u00e9s, nous nous retrouvons depuis quelques temps autant unis dans le travail que dans la vie personnelle !<br>L&rsquo;envie de r\u00e9aliser ensemble des projets nous conduit aujourd&rsquo;hui \u00e0 proposer de nouvelles prestations au sein de notre soci\u00e9t\u00e9 Cr\u00e9acimes.<\/p>\n\n\n\n<p>Et pour lancer officiellement ce d\u00e9marrage, soir\u00e9e pr\u00e9vue chez nous, \u00e0 La Table, le samedi 2 d\u00e9cembre \u00e0 18h30.<\/p>\n\n\n\n<p>Nous venons de f\u00eater nos 25 ans de mariage en profitant d&rsquo;une \u00ab\u00a0bulle\u00a0\u00bb dans le Val d&rsquo;Aoste\u2026 Et nous en avons rapport\u00e9 quelques \u00ab\u00a0p\u00e9pites\u00a0\u00bb que nous avons h\u00e2te de partager !<\/p>\n\n\n\n<p>Ce n&rsquo;est que le d\u00e9but, la suite vient en 2024 !<\/p>\n\n\n\n<p>Au plaisir de vous faire vivre ces exp\u00e9riences sensorielles !<\/p>\n\n\n<div class=\"easyloisirs_module\" data-hash=\"31317abb5c93feb0f34175878b9827796dd0f956\"><\/div>","protected":false},"excerpt":{"rendered":"<p>Samedi 2 d\u00e9cembre : lancement des nouveaux \u00e9v\u00e9nements Cr\u00e9acimes Apr\u00e8s des parcours professionnels vari\u00e9s, nous nous retrouvons depuis quelques temps autant unis dans le travail que dans la vie personnelle [&hellip;]<\/p>\n","protected":false},"author":1,"featured_media":0,"parent":0,"menu_order":0,"comment_status":"closed","ping_status":"closed","template":"","meta":{"jetpack_post_was_ever_published":false,"footnotes":""},"class_list":["post-2049","page","type-page","status-publish","hentry"],"jetpack_sharing_enabled":true,"jetpack_shortlink":"https:\/\/wp.me\/P5l186-x3","_links":{"self":[{"href":"https:\/\/www.creacimes.fr\/index.php?rest_route=\/wp\/v2\/pages\/2049"}],"collection":[{"href":"https:\/\/www.creacimes.fr\/index.php?rest_route=\/wp\/v2\/pages"}],"about":[{"href":"https:\/\/www.creacimes.fr\/index.php?rest_route=\/wp\/v2\/types\/page"}],"author":[{"embeddable":true,"href":"https:\/\/www.creacimes.fr\/index.php?rest_route=\/wp\/v2\/users\/1"}],"replies":[{"embeddable":true,"href":"https:\/\/www.creacimes.fr\/index.php?rest_route=%2Fwp%2Fv2%2Fcomments&post=2049"}],"version-history":[{"count":3,"href":"https:\/\/www.creacimes.fr\/index.php?rest_route=\/wp\/v2\/pages\/2049\/revisions"}],"predecessor-version":[{"id":2143,"href":"https:\/\/www.creacimes.fr\/index.php?rest_route=\/wp\/v2\/pages\/2049\/revisions\/2143"}],"wp:attachment":[{"href":"https:\/\/www.creacimes.fr\/index.php?rest_route=%2Fwp%2Fv2%2Fmedia&parent=2049"}],"curies":[{"name":"wp","href":"https:\/\/api.w.org\/{rel}","templated":true}]}}